 5 = 0. Let t = z + 3. List the prime factors of t.
5
Let y = -36 + 52. Suppose -2 - 14 = 5*z + i, -2*i + y = -2*z. Let o = 1 - z. What are the prime factors of o?
5
Suppose -7*m = -2*m. Let b be (-2 - m)/(-2) + 13. List the prime factors of (-4)/(-14) - (-24)/b.
2
Let i = 2 + 2. Let w = -1 + i. Suppose -2*m + 50 = w*p, 2*p - 4*m - 12 = -0*p. What are the prime factors of p?
2, 7
Let j(d) = 6*d**3 - 4*d**2 - 5*d - 7. Let w(y) = -10*y**3 + 4 + 5*y + 3*y**3 + 4*y**2 + y + 4. Let p(a) = -6*j(a) - 5*w(a). List the prime factors of p(4).
2
Suppose -4*g - 83 + 368 = 3*w, -4*g + 284 = 4*w. List the prime factors of g.
2, 3
Suppose 184 = 4*p + 12. List the prime factors of p.
43
Suppose 0 = 5*b - 20 - 5. Suppose -b = -w + 11. List the prime factors of w.
2
List the prime factors of 16/(-24) + (-94)/(-6).
3, 5
Suppose -2*w + 2*q = -38, 2*w + 2*q - 54 = -0*w. What are the prime factors of w?
23
Let w = -139 + 421. Let u be (-2)/7 + w/7. What are the prime factors of 7*(-2 + u/14)?
2, 3
Let i(r) = r**2 + 4*r + 107. List the prime factors of i(0).
107
Let u(n) = 11*n - 1. Let m be u(1). List the prime factors of 110/7 - m/(-35).
2
Let t(v) = v**2 + 6*v + 7. Let p be t(-5). Let b be (-27)/5 + 14/35. List the prime factors of (-1 + p/5)*b.
3
Let v be (-32)/12*6/(-4). Suppose 4*b + 28 = v*u, 4*u + 2*b - 2 = -4. Suppose -o - u*o + 24 = 0. List the prime factors of o.
2
Let p(v) = v**3 + 5*v**2 + 5*v + 5. Let w be p(-4). What are the prime factors of (-2)/1 + 13/w?
11
Suppose 2*p - 4 = 2. Suppose 30 = f - 4*x, 0 = -3*f - 2*x + 59 + p. List the prime factors of f.
2, 11
Let n = 56 - 15. What are the prime factors of n?
41
List the prime factors of 0 - -1 - (-11 - 27).
3, 13
Let b(j) = j. Let f be b(-6). Let l be f/(2 - 5) + -2. Suppose -4*g = m - 7 - 20, -2*g - m + 13 = l. List the prime factors of g.
7
Let s be (0/12)/(1 + 0). Let c(o) = -o + 39. List the prime factors of c(s).
3, 13
Suppose -5*b = -11 - 14. Suppose -3*p + n = -48, -6 = b*n - 3*n. List the prime factors of p.
3, 5
Let f = 289 - 173. What are the prime factors of f?
2, 29
Suppose 2*i = 3*i + 2, -2*i = 3*o - 11. Suppose -o*s + 2*s = -108. What are the prime factors of s?
2, 3
Let a(v) = -17*v - 2. List the prime factors of a(-2).
2
Let x be -10 - (2 - (5 - 3)). Let n be 64/20 + 2/x. Suppose 0 = p + n*d - 10, -d + 0*d - 10 = -p. List the prime factors of p.
2, 5
Let n be 2*(-4)/6*-3. Let k = 7 - n. Suppose k*x - 2 = 4. List the prime factors of x.
2
Suppose -f = 5, -s + 5*s - 6 = -2*f. Suppose -18 = 4*t - s*u - 170, 5*t - 230 = -5*u. List the prime factors of t.
2, 3, 7
List the prime factors of 82/6 - (-8)/(-12).
13
Let q(p) = -p - 2. Let c be q(-2). Suppose c = d - 15 - 8. List the prime factors of d.
23
Let x = 61 + -20. List the prime factors of x.
41
Let x = 8 + -5. Suppose k - 32 = -x*k. List the prime factors of k.
2
Suppose -2 = -3*k + 2*k. Suppose k*j = 2*m - 4*m + 68, -2 = j. Let d = -16 + m. List the prime factors of d.
2, 5
Let y(l) = -2*l**2 + 2 - 3 - 4*l - 2*l**2 - 2*l - l**3. Let m be y(-4). Let r = -9 + m. What are the prime factors of r?
2, 7
Suppose -11*g + 4*g + 49 = 0. Let a(i) = i + 2. Let f be a(-4). Let k = g + f. List the prime factors of k.
5
Let n = -9 - -2. Let x = -6 - n. List the prime factors of (x/2)/((-8)/(-64)).
2
Suppose 0*l - 3*l = -18. What are the prime factors of (-12)/18 - (-352)/l?
2, 29
Let x = 592 - 346. What are the prime factors of x/21 + (-2)/(-7)?
2, 3
Suppose -10 = -2*k, 0 = -4*l - 3*k - 6 + 41. Let v = 5 + l. List the prime factors of v.
2, 5
Suppose -2*f + 4 = -5*t, 3*f + 2*t = -3*t - 19. List the prime factors of (18 + f)/(0 + 1).
3, 5
Suppose -4*o = -b + 352, -2*o = b - 216 - 142. List the prime factors of b.
2, 89
Suppose 3*i = -i + 184. Suppose 2*s - 4*s - i = -3*r, -5*s = 10. Suppose 0*f + r = f. What are the prime factors of f?
2, 7
Suppose 2*t = -0*t + 6. Let z = 5 + t. List the prime factors of z.
2
Suppose 5*n - 42 = m, -n + 2 + 10 = m. Let g(o) = o - 4. Let w be g(n). Suppose -3*c = 4*t - 20 - 15, -2*c + w = -t. List the prime factors of c.
5
Let b be 8/(-36) - (-452)/9. Suppose 4*n = g + 2*g - 30, -3*n + b = 5*g. What are the prime factors of g?
2, 5
Suppose l - 4 = 1. Let b = -3 + l. Let h(q) = 3*q**3 - 4*q**2 + 2*q + 1. What are the prime factors of h(b)?
13
Let i be 54/(-3)*(-1)/2. Suppose i = 5*l - 1. List the prime factors of (-164)/(-14) + l/7.
2, 3
Suppose 2*q - v = 129, 2*q + 3*v - 68 - 57 = 0. What are the prime factors of q?
2
Suppose 2*o + 3*d = -7, -5*o - 54 = -2*d - 8. Let m be 3/2 - (-19)/2. Let z = m + o. List the prime factors of z.
3
Let f(p) = p**2 - 7*p - 1. Let v be f(10). Suppose n - v + 8 = 0. List the prime factors of n.
3, 7
Let n = 77 + -132. Let t = -33 - n. What are the prime factors of t?
2, 11
Let y(m) = -4*m - 4 + 2*m**2 + 4*m. What are the prime factors of y(-3)?
2, 7
Suppose f - 13 = -2*k, f + 3*k + k = 23. Suppose -y = f*y - 24. List the prime factors of y.
2, 3
Let m(o) = -o - 7. Let w = 17 + -26. What are the prime factors of m(w)?
2
Suppose 8 = 3*p - z, -2*p - p + 10 = z. Suppose p*g - 39 = -0*g. List the prime factors of g.
13
Let v = -46 + 69. List the prime factors of v.
23
Suppose 7*n = 2*n + 4*s - 137, 0 = -3*n + 3*s - 81. Let c = 46 + n. What are the prime factors of c?
17
What are the prime factors of (-3 + 2)/(7/(-518))?
2, 37
Let s(o) = -o**3 - 9*o**2 - o - 5. Let f = -18 + 9. Let d be s(f). List the prime factors of 17/3 + d/(-6).
5
Let r be ((-264)/20)/((-3)/15). What are the prime factors of (r/(-77))/((-1)/35)?
2, 3, 5
Let c = -6 + -4. Let h = 35 + c. What are the prime factors of h?
5
Suppose -6*d + 3*d = -135. List the prime factors of 12/((d/42)/5).
2, 7
Let l(j) = j + 42. List the prime factors of l(-18).
2, 3
Let t(v) = -13*v + 26. List the prime factors of t(-11).
13
Let h(z) = -8*z**3 + 2*z**2 - 12*z - 1. Let l(w) = 3*w**3 - w**2 + 4*w. Let j(n) = 4*h(n) + 11*l(n). Let q be j(4). Let g = q + 7. List the prime factors of g.
3
What are the prime factors of ((-34)/2 - -2)*-17?
3, 5, 17
Let b = 16 - 2. Let g = b + 7. List the prime factors of g.
3, 7
Let n(c) = -c**2 - 4*c - 4. Let s be n(-3). Let q = -2 - -4. List the prime factors of (15/s)/((-3)/q).
2, 5
Suppose -12 = 4*c - 44. Let u = 19 + c. What are the prime factors of u?
3
List the prime factors of (3 + -1)/((-16)/(-232)).
29
Suppose -4*q + 15 = -4*t - 49, 3*t = -9. Let i(s) = -3*s + 1. Let h be i(3). Let v = h + q. List the prime factors of v.
5
Suppose -2*f + 212 + 4 = 0. Let p = f - 67. List the prime factors of p.
41
Let z = 49 - -28. What are the prime factors of z?
7, 11
Suppose 21 + 17 = 19*p. List the prime factors of p.
2
Suppose -1 = -3*w + 8. Suppose -5*k + 50 = 5*v, w*v = -k + 5*k + 2. What are the prime factors of v?
2, 3
Let d = 66 + -25. List the prime factors of d.
41
Let b = -132 - -190. List the prime factors of b.
2, 29
Let r(h) = -2*h - 4. Let p be r(-5). Suppose 2*l + l = p. What are the prime factors of l?
2
Let r be -2 + (5 - 4) + 7. What are the prime factors of 8/r*(-207)/(-6)?
2, 23
Suppose d = -3 - 2. What are the prime factors of (2 + -1)/((-1)/d)?
5
Suppose 4*v + j - 66 = 0, -3*v + 0*v + j = -46. What are the prime factors of v?
2
Suppose 0 = -2*g - 0*g + 10. Suppose 21 + 24 = g*i. List the prime factors of i.
3
What are the prime factors of ((-508)/3)/(-2) + 6/(-9)?
2, 3, 7
Suppose -6 = -5*v + 29. Suppose -27 = 4*g - v*g. List the prime factors of g.
3
Let u(x) = 5*x**2 - 4*x + 3. Let f be u(2). Let c = -8 + f. List the prime factors of 1 + (0 + c - 0).
2
Let f = -5 + 4. What are the prime factors of (28/12)/(f/(-3))?
7
Let y = 1 + 27. List the prime factors of y.
2, 7
Suppose -14*f - 140 = -1820. List the prime factors of f.
2, 3, 5
Suppose 0*o - 3*r = -o + 11, 5*r + 22 = -2*o. What are the prime factors of (-16)/(-4) + -1 - o?
2
Suppose q - 3*q = -82. What are the prime factors of q?
41
Suppose 36 = 3*z - 6. What are the prime factors of z?
2, 7
Suppose 4*x = x - 2*k + 179, 232 = 4*x + k. Suppose -2*n + 5*n = x. What are the prime factors of n?
19
Suppose q = 2 - 0. Suppose 0 = -q*v + v. Let t = v + 2. List the prime factors of t.
2
Let l = 11 + -7. Suppose -l = -3*a - 4*w + 8, 3*w = a - 17. Suppose -a = -n + 1. What are the prime factors of n?
3
Let h(x) = -x**2 + 3*x - 2. Let o be h(2). Sup